 w(k) be the third derivative of k**5/4 + k**4 + 7*k**3/6 + 67*k**2. Let s(o) = -13*f(o) - 6*w(o). Give s(4).
9
Let y(t) = -3*t**2 - 3*t + 11. Let s be y(0). Let n(i) = -i**3 + 10*i**2 + i + 113. Give n(s).
3
Suppose -s + 3*s - 12 = 0. Suppose 7*a - 4*a + 3*w = s, -4*a - 3*w + 7 = 0. Let y(d) = -a - 4 + 3*d + 7 + 0. Calculate y(-2).
-4
Let n = -2931 + 2948. Let o(u) = -u**3 + 17*u**2 - u + 23. Calculate o(n).
6
Let w(c) = -c**3 + 11*c**2 - c + 14. Let r be w(11). Suppose 2*o - 14 = 2*l, r*l - 4 + 33 = 5*o. Suppose 6*q - 2 = o*q. Let v(x) = 13*x. Calculate v(q).
13
Let l(f) = f**3 - 6*f**2 + 5*f + 7. Suppose 0 = 2*k - 6, -5*b + 6 = -0*b + 2*k. Suppose b = n + 5 - 10. What is l(n)?
7
Let n = 30 + -24. Let z(l) = 7*l**2 - 2*l + 1. Let p(w) = -w. Let o(x) = -x**2 + 6*x - 1. Let b(u) = o(u) + 6*p(u). Let i(a) = 6*b(a) + z(a). Calculate i(n).
19
Let s = -2 + 3. Let d(y) = -y**2 + 1. Let u(b) = -25 + 173*b**3 - 8*b**2 - 174*b**3 + 23 + 9*b**2. Let j(f) = s*u(f) - 5*d(f). What is j(5)?
18
Let b(p) = 2*p**2 + 5*p. Let w = -99 + 102. Suppose -r + 20 = w*v + 9, 22 = -3*r + 2*v. Determine b(r).
12
Let k(s) = 1642*s**3 - 3*s**2 - 2*s**2 - 1643*s**3 - 3*s. Give k(-3).
-9
Let u(q) = -1 + 0 + 5 - 3*q - 8*q**2 + 4*q**2. Let w be u(-4). Let h = w - -54. Let l(k) = k**3 - 4*k**2 - 8*k - 5. Determine l(h).
19
Let r(u) be the first derivative of -2*u + 1/2*u**2 + 6. Let w(n) = -19*n + 125. Let p be w(7). Give r(p).
-10
Let p = -3 - 1. Let t(a) be the first derivative of 5/2*a**2 + 1/4*a**4 + 6*a + 5/3*a**3 - 75. Determine t(p).
2
Let u(a) = 3*a + 7. Let y(d) = -2*d - 4. Let q(l) = 3*u(l) + 5*y(l). Suppose -61 + 63 = 2*n. Let p be (-2550)/(-663) + (4/26)/n. Give q(p).
-3
Let j be (21/(-9))/(5 - (-134)/(-27)). Let x = -62 - j. Let s(l) = -l**3 + 2*l**2 - 2*l + 1. What is s(x)?
0
Let t(f) = -6*f**3 + 18*f**2 + 19*f - 12. Let m(x) = -5*x**3 + 17*x**2 + 20*x - 9. Let i(j) = -7*m(j) + 6*t(j). Calculate i(-8).
7
Let g(b) = b**2 - 10*b + 17. Suppose 5*m = 3*p + 2*m - 3, 0 = m - 1. Calculate g(p).
1
Let h(b) = 2*b**2 + 4*b - 2. Let t(a) = -a**3 + 10*a**2 + 21*a - 11. Let s(v) = 11*h(v) - 2*t(v). Let q be -2 - (-20 + (-6 - -26)). Determine s(q).
-12
Let p(c) = -c**2 - 132 - 57 - 39009*c + 38981*c. Calculate p(-11).
-2
Let f(m) = 2*m**2 + 1. Let b = 402 - 1183. Let i = b + 782. Give f(i).
3
Let p(c) = 11*c - 91. Suppose -35*x + 362 = 152. What is p(x)?
-25
Let f(a) = -38*a**3 + 37*a**3 + 3 - 19*a - 15*a + 36*a**2 - 53. Calculate f(35).
-15
Let d(q) = 11 + 5*q - 2*q**3 - 2*q**2 + 3*q**3 - 14. Let c be (5 - (-3 - -2)*-6)*-3. What is d(c)?
21
Let w(y) = -48*y**3 - 9*y**2 + 57*y - 33. Let t(s) = 17*s**3 + 2*s**2 - 19*s + 11. Let j(v) = 17*t(v) + 6*w(v). Calculate j(19).
-11
Let u be ((-20)/(-30))/((-2)/(-6)). Suppose m = -u*m, 8 = 4*h - m. Let o(q) = 4*q + 2*q**3 + 5 - 7 - 2*q**2 - q. Calculate o(h).
12
Let s be (130/(-100) + (-26)/5 + 5)*6. Let c(n) = n**3 + 9*n**2 - 2*n - 32. Give c(s).
-14
Let y(c) = -c**3 + 7*c**2 - 5*c - 7. Let r be y(6). Let a = -5 + 71. Let h(q) = -q**2 - 32*q**3 - 35*q**3 + a*q**3. Determine h(r).
0
Suppose 9*y - 4*h = 5*y - 140, 2*h = -4*y - 110. Let r(z) = -z**3 - 30*z**2 - 8*z - 251. Determine r(y).
-11
Let g be 27*-1*(-10)/(-30). Let w(z) = -3*z + 4*z - 3*z - 8. Calculate w(g).
10
Let z(r) = -3*r + 256. Let c(g) = g - 114. Let l(t) = 5*c(t) + 2*z(t). Calculate l(0).
-58
Let y(c) be the second derivative of c**5/20 + c**4/6 - c**3/2 + c**2 + 4*c + 10. Give y(-2).
8
Let u(a) = 74*a - 12. Let p(i) = -8*i + 2. Let h(l) = -10*p(l) - u(l). Calculate h(4).
16
Let r(j) = -j**3 - 84*j**2 + 613*j - 1044. Let c be r(4). Let q(n) = -1 + 1 + 2*n + n**2. Determine q(c).
0
Let m(r) = 13*r**3 - 106*r**2 + 2*r + 217*r**2 - 9*r - 14*r**3 + 6 - 120*r**2. Suppose 3*n = -2*f - 31, -2*f - 30 = 3*f - 2*n. Determine m(f).
-2
Let x be 8 + (21 - 33 - 3). Let s(i) = i**2 + 3*i - 41. What is s(x)?
-13
Let w(t) be the first derivative of -t**4/4 - t**3/3 - t + 2. Let p = -1333 + 1332. Determine w(p).
-1
Suppose -267*f + 144*f + 4160 = 293*f. Let x(s) = s**2 - 18*s - 19. Calculate x(f).
-99
Let r(d) = 18*d + 18. Let k be r(-2). Let o(g) = -2*g - 33. Let c be o(k). Let b(q) = -q. Determine b(c).
-3
Let t(w) be the third derivative of -w**6/36 + w**5/120 - w**4/24 + 39*w**3/2 - 122*w**2 - w. Let a(f) be the first derivative of t(f). Determine a(1).
-10
Suppose 4*y = 1932 - 772. Suppose -9*a = a - y. Let s = -30 + a. Let j(h) = 9*h + 1. Give j(s).
-8
Let f be (154/44 - (-21)/(-6)) + -2 + -11. Let w(c) = c**2 + 20*c + 73. What is w(f)?
-18
Let u be (-3 + (3 - (3 - 1)))*72/36. Let g(j) = -2*j**2 - 6*j + 10. Let s(t) = t**2 + 3*t - 5. Let o(m) = -2*g(m) - 5*s(m). Calculate o(u).
1
Let u(m) = -3*m**3 - 41*m**2 + 16*m + 19. Let l = 23070 - 23084. Give u(l).
-9
Let x = -212536 - -212540. Let y(i) = -6*i**3 + 11*i**2 - 9. Let r(f) = f**3 - f**2 - f + 1. Let s(n) = -5*r(n) - y(n). Determine s(x).
-8
Suppose 4*f + 0*f = -2*y + 76, 2*f - y - 42 = 0. Suppose 4*p + f = 4*k, 5*k - 2*p + 6*p - 25 = 0. Let v(l) = -l**2 + 6*l + 2. Give v(k).
7
Let f = 17 + -12. Suppose 0 = c + f*t + 6 - 4, -3*t = 5*c - 12. Let a(y) = 57*y - 106*y + 2*y**2 - 1 - y**3 + 47*y. Calculate a(c).
-16
Let n(v) = 2*v**3 + 82*v**2 + 33*v + 14. Let x(a) = -a**3 - 47*a**2 - 17*a - 7. Let b(p) = 3*n(p) + 5*x(p). Determine b(-9).
43
Let i(h) = h**3 - 12*h**2 + 2*h - 10. Suppose 11*k - 26 = -4. Let v be k/(-2) + (-6)/((-12)/26). What is i(v)?
14
Let s be (16/(-4) - -4) + 22/11. Let i(x) = 100 + x**3 + 2*x - x**3 + 4*x - x**3 - 105 + 2*x**s. Determine i(3).
4
Let t be (-273)/14*(-148)/(-111). Let i(v) = -v**2 - 23*v + 73. Calculate i(t).
-5
Let i(p) = p**3 + 7*p**2 + 8*p + 9. Let v be i(-6). Let x(z) = -129 - 4*z**2 + 126 + 5*z**2. Let j be x(v). Let g(a) = a**3 - 7*a**2 + 8*a - 8. Give g(j).
4
Let l(y) = y**3 + 6*y**2 - 5. Suppose -3*h = -w - 23, -3*h + 11 = -4*w - 27. Calculate l(w).
20
Let x(f) = -f**3 - 6*f**2 - 7*f - 6. Let y = 2045 + -2049. Give x(y).
-10
Suppose 2*c - 2*n = 280, 0 = -7*n + 11*n + 16. Suppose -3*w = -4*b + 555, 7*w - 5*w = -b + c. Let p be (2/1)/12 + 391/b. Let s(j) = -6*j - 2. Give s(p).
-20
Let c(o) = 19 - 2608*o + 0*o**3 - 6*o**2 + 2595*o + 18*o**2 + o**3. Calculate c(-13).
19
Let l be -20*4/16*-2. Suppose 14 = 8*x - l. Let m(u) = 5*u - 9. Let n(j) = 2*j - 3. Let c(h) = -4*m(h) + 11*n(h). Give c(x).
9
Let t = -264 - -292. Let c(g) = -t*g - 1 - 5 - 2 + 7. Calculate c(2).
-57
Suppose -20 = 2*q - 4. Suppose 0 = -z + 37 - 2. Let h(m) = -14 + 3 - 34*m**2 + 7*m + z*m**2. Give h(q).
-3
Let t(s) = s**3 - s**2 + 6*s + 39. Suppose -x + 395 = -83*x + 149. Calculate t(x).
-15
Let z(c) be the first derivative of -4*c**3/3 - 3*c**2 - 16*c - 3485. Give z(-4).
-56
Let h = 6031 + -6027. Let a(f) = 3*f**2 + f + 1. What is a(h)?
53
Let m(n) = -2*n + 2. Let o(v) = -10*v + 12*v + 7*v - 4. Let q(p) = -m(p) - o(p). Give q(2).
-12
Let q(w) be the third derivative of -w**4/6 - w**3/3 + 339*w**2. Let b(f) = f - 20. Let t be b(20). Determine q(t).
-2
Let x = -1652 - -1651. Let m(i) = 13*i**3 - i - 1. What is m(x)?
-13
Suppose 0 = 39*z - 183*z - 86 + 1526. Let t(k) = -k**3 + 10*k**2 - 4. Calculate t(z).
-4
Let m(p) be the first derivative of p**2/2 + p + 1. Let j(o) = -76*o - 2 - 5 + 64*o. Let t(c) = j(c) + 6*m(c). Calculate t(-1).
5
Let d(b) = -53*b**3 - 4 - 7*b**2 - 200*b**3 + 11*b - 53*b**3 + 308*b**3. Give d(2).
6
Let n(z) be the first derivative of z**2/2 - 15*z - 801. Determine n(23).
8
Let u = -58 + -9. Let m = -56 - u. Let k(z) = -23 - z - m + 51. Give k(11).
6
Let o(p) be the first derivative of -17/2*p**2 + 1/24*p**4 + 0*p**3 + 0*p + 4. Let f(h) be the second derivative of o(h). Calculate f(6).
6
Let o be (1 - -2)/((-9)/(-12)). Let l(u) = u**2 - 16*u + 42. Let k be l(o). Let h(c) be the second derivative of -c**3/6 + c**2/2 + 5*c. Determine h(k).
7
Let i(n) be the second derivative of -n**4/12 + 11*n**3/6 - 4*n**2 + 4*n - 143. Calculate i(11).
-8
Suppose -2*d - 319 = -2*o - 309, -4 = 4*o. Let x(n) = n**3 + 4*n**2 - 10*n. Determine x(d).
-12
Let z(x) = -x**2 + 218*x - 223*x + 16 - 2*x**2 - x**3 + 8*x**2 - 5. What is z(4)?
7
Let q(h) = -2*h + 20. Let k = -3979 + 3996. What is q(k)?
-14
Let u(g) = g**2 + 5*g - 4. Let i be u(-5). Suppose a - s = 3, -8*a = -10*a - 3*s + 1. Let y(h) = -164*h**3 - 1 + 0*h**2 - 4*h**a + 163*h